{"id":122,"date":"2016-10-29T16:24:29","date_gmt":"2016-10-29T14:24:29","guid":{"rendered":"http:\/\/www.ff-totzenbach.at\/_index\/?page_id=122"},"modified":"2017-04-08T14:44:02","modified_gmt":"2017-04-08T12:44:02","slug":"geschichte-der-ff-totzenbach","status":"publish","type":"page","link":"http:\/\/www.ff-totzenbach.at\/_index\/geschichte-der-ff-totzenbach\/","title":{"rendered":"Geschichte der FF-Totzenbach"},"content":{"rendered":"<p>&nbsp;<\/p>\n<table width=\"85%\">\n<tbody>\n<tr>\n<td width=\"9%\">1892<\/td>\n<td width=\"91%\">Ferdinand Kortan gr\u00fcndet unter dem Eindruck eines Gro\u00dfbrandes am vorderen \u00d6dhof die freiwillige Feuerwehr mit Hilfe einer Schar von 17 M\u00e4nnern<\/td>\n<\/tr>\n<tr>\n<td>1902<\/td>\n<td>In diesem Jahr wird ein Hydrophor (Handdruckspritze) angeschafft<\/td>\n<\/tr>\n<tr>\n<td>1912<\/td>\n<td>W\u00e4hrend der ersten 20 Jahre, haben sich die Mannschaft und die Ger\u00e4te schon oft bew\u00e4hren m\u00fcssen<\/td>\n<\/tr>\n<tr>\n<td>1922<\/td>\n<td>Das Jubil\u00e4um wird mit einem Bezirksfeuerwehrtag begangen<\/td>\n<\/tr>\n<tr>\n<td>1932<\/td>\n<td>Innerhalb einer Woche werden die H\u00e4user Nr. 6 und Nr. 7 in Totzenbach, durch Brandstiftung ein Raub der Flammen<\/td>\n<\/tr>\n<tr>\n<td>1942<\/td>\n<td>Schon seit 1937 entfallen die Hauptversammlungen und der Zeit gem\u00e4\u00df, wird der Hauptmann zum \u201ekommissarischen Leiter\u201c bestimmt. Fast alle M\u00e4nner sind im Krieg, so m\u00fcssen auch Frauen zum Dienst einspringen<\/td>\n<\/tr>\n<tr>\n<td>1952<\/td>\n<td>Nach Kriegsende wird aus amerikanischen Armeebest\u00e4nden ein allradgetriebener Dodge angeschafft. Dieses Fahrzeug hat sich bis in die 80er Jahre bei vielen Eins\u00e4tzen bew\u00e4hrt<\/td>\n<\/tr>\n<tr>\n<td>1962<\/td>\n<td>Einen wesentlichen Beitrag zur Finanzierung leistet das allj\u00e4hrlich im Doppel stattfindende Preiskegeln. Anton Fr\u00fchbei\u00df l\u00f6st seinen Vater Michael nach 26 Jahren als Hauptmann ab<\/td>\n<\/tr>\n<tr>\n<td>1967<\/td>\n<td>Wird das 75. Gr\u00fcndungsjubil\u00e4um mit den Bezirkswettk\u00e4mpfen begangen. Man stellte ein Kommandofahrzeug Ford FK1250 mit dem ersten Funkger\u00e4t in Dienst. Auch ein Ausflug zu den internationalen Feuerwehrwettk\u00e4mpfen nach Karlovac in Kroatien mit anschlie\u00dfenden kurzem Badeurlaub am Meer<\/td>\n<\/tr>\n<tr>\n<td>1977<\/td>\n<td>Entgleist ein Zug mit Tankwagen voll Schwer\u00f6l beim Bahn\u00fcbergang in Kirchstetten. Das Geld, das sie daf\u00fcr bekamen, wurde in die Verbesserung der Ausr\u00fcstung gesteckt<\/td>\n<\/tr>\n<tr>\n<td>1982<\/td>\n<td>Zum 90. Jubil\u00e4um wird ein TFL 1000 angeschafft. Eine Wettkampfgruppe erreicht in Silber A den 4. Platz beim Landesbewerb<\/td>\n<\/tr>\n<tr>\n<td>1987<\/td>\n<td>Er\u00f6ffnung des neuen Gemeinschaftshauses, au\u00dferdem werden ein R\u00fcstfahrzeug und ein Tank 8000 in Dienst gestellt<\/td>\n<\/tr>\n<tr>\n<td>1992<\/td>\n<td>Der Mannschaftsstand der 100-j\u00e4hrigen Wehr betr\u00e4gt 46 Aktive und 6 Reservisten. Eine Festschrift wird aufgelegt<\/td>\n<\/tr>\n<tr>\n<td>2002<\/td>\n<td>Vom 3. bis zum 5. Mai fand das Gro\u00dfereignis \u201e110 Jahre FF Totzenbach\u201c statt.<\/td>\n<\/tr>\n<\/tbody>\n<\/table>\n<p><span style=\"color: #ffffff;\">.<\/span><\/p>\n<p><img loading=\"lazy\" decoding=\"async\" class=\"size-medium wp-image-2637 aligncenter\" src=\"http:\/\/www.ff-totzenbach.at\/_index\/wp-content\/uploads\/2016\/10\/12990925_1701333173458706_2264911808067591681_n-400x213.jpg\" alt=\"\" width=\"400\" height=\"213\" srcset=\"http:\/\/www.ff-totzenbach.at\/_index\/wp-content\/uploads\/2016\/10\/12990925_1701333173458706_2264911808067591681_n-400x213.jpg 400w, http:\/\/www.ff-totzenbach.at\/_index\/wp-content\/uploads\/2016\/10\/12990925_1701333173458706_2264911808067591681_n.jpg 722w\" sizes=\"auto, (max-width: 400px) 100vw, 400px\" \/><\/p>\n","protected":false},"excerpt":{"rendered":"<p>&nbsp; 1892 Ferdinand Kortan gr\u00fcndet unter dem Eindruck eines Gro\u00dfbrandes am vorderen \u00d6dhof die freiwillige Feuerwehr mit Hilfe einer Schar von 17 M\u00e4nnern 1902 In diesem Jahr wird ein Hydrophor (Handdruckspritze) angeschafft 1912 W\u00e4hrend der ersten 20 Jahre, haben sich die Mannschaft und die Ger\u00e4te schon oft bew\u00e4hren m\u00fcssen 1922 Das Jubil\u00e4um wird mit einem [&hellip;]<\/p>\n","protected":false},"author":1,"featured_media":2637,"parent":0,"menu_order":0,"comment_status":"closed","ping_status":"closed","template":"","meta":{"ngg_post_thumbnail":0,"footnotes":""},"class_list":["post-122","page","type-page","status-publish","has-post-thumbnail","hentry"],"_links":{"self":[{"href":"http:\/\/www.ff-totzenbach.at\/_index\/wp-json\/wp\/v2\/pages\/122","targetHints":{"allow":["GET"]}}],"collection":[{"href":"http:\/\/www.ff-totzenbach.at\/_index\/wp-json\/wp\/v2\/pages"}],"about":[{"href":"http:\/\/www.ff-totzenbach.at\/_index\/wp-json\/wp\/v2\/types\/page"}],"author":[{"embeddable":true,"href":"http:\/\/www.ff-totzenbach.at\/_index\/wp-json\/wp\/v2\/users\/1"}],"replies":[{"embeddable":true,"href":"http:\/\/www.ff-totzenbach.at\/_index\/wp-json\/wp\/v2\/comments?post=122"}],"version-history":[{"count":4,"href":"http:\/\/www.ff-totzenbach.at\/_index\/wp-json\/wp\/v2\/pages\/122\/revisions"}],"predecessor-version":[{"id":2641,"href":"http:\/\/www.ff-totzenbach.at\/_index\/wp-json\/wp\/v2\/pages\/122\/revisions\/2641"}],"wp:featuredmedia":[{"embeddable":true,"href":"http:\/\/www.ff-totzenbach.at\/_index\/wp-json\/wp\/v2\/media\/2637"}],"wp:attachment":[{"href":"http:\/\/www.ff-totzenbach.at\/_index\/wp-json\/wp\/v2\/media?parent=122"}],"curies":[{"name":"wp","href":"https:\/\/api.w.org\/{rel}","templated":true}]}}