{"id":2689,"date":"2017-04-29T11:47:14","date_gmt":"2017-04-29T09:47:14","guid":{"rendered":"http:\/\/www.ff-totzenbach.at\/_index\/?page_id=2689"},"modified":"2026-02-11T12:37:23","modified_gmt":"2026-02-11T11:37:23","slug":"komm-auch-du-zur-feuerwehr","status":"publish","type":"page","link":"http:\/\/www.ff-totzenbach.at\/_index\/komm-auch-du-zur-feuerwehr\/","title":{"rendered":"Komm auch Du zur Feuerwehr!"},"content":{"rendered":"<p><strong>Du bist:<\/strong><\/p>\n<p>&#8230; zwischen 15 und 65 Jahren alt?<\/p>\n<p>&#8230;gerne ein Vorbild<\/p>\n<p>&#8230;motiviert neue spannende Themengebiete und Leute kennen zulernen<\/p>\n<p>&#8230; hilfsbereit und arbeiten in einer Gruppe z\u00e4hlt zu deinen St\u00e4rken<\/p>\n<p>&#8230; engagiert und kannst dir vorstellen deine Freizeit, wann immer es f\u00fcr dich m\u00f6glich ist, f\u00fcr deine Mitmenschen herzugeben?<\/p>\n<p>&nbsp;<\/p>\n<p>Dann haben wir auch f\u00fcr dich das Richtige: <b>Einsatz und Kameradschaft<\/b><\/p>\n<p>Unsere Kameradinnen und Kameraden absolvieren eine etwa einj\u00e4hrige Grundausbildung und kommen regelm\u00e4\u00dfig zu \u00dcbungen und trainieren gemeinsam den Ernstfall.<\/p>\n<p>Allein in Nieder\u00f6sterreich engagieren sich 98.000 Menschen bei \u00fcber 1.730 Freiwilligen Feuerwehren. Sie helfen dann, wenn wirklich Hilfe ben\u00f6tigt wird. Geh\u00f6re auch <strong>DU<\/strong> dazu!<\/p>\n<p>Wir helfen genau dort, wo wir gebraucht werden!<\/p>\n<p>Sei es ein kleines, au\u00dfer Kontrolle geratenes Lagerfeuer, ein Verkehrsunfall, bei dem jede Minute z\u00e4hlt, oder ein Katastropheneinsatz.<\/p>\n<p>Wir sind bereit!<\/p>\n<p>&nbsp;<\/p>\n<h3>Helfende H\u00e4nde werden immer gesucht &#8211; melde dich bei uns<\/h3>\n<p>Wir beantworten dir alle deine Fragen und zeigen dir unsere T\u00e4tigkeitsbereiche. Gerne kl\u00e4ren wir auch wie die ersten Schritten der Ausbilung aussehen.<\/p>\n<p>Schreibe uns ein Mail oder melde dich bei unserem Kommandanten:<\/p>\n<p align=\"center\"><strong>E-Mail<\/strong>:<br \/>\nTotzenbach@feuerwehr.gv.at<\/p>\n<p align=\"center\"><strong>Tel.Nr. unseres Kommandanten:<\/strong><br \/>\nOBI Matthias Furtner, Tel. +43 664 222 16 57<\/p>\n<p align=\"center\"><strong><span class=\"Hervorgehoben\">Anschrift<\/span><\/strong>:<br \/>\nHinterbergstra\u00dfe 3<br \/>\n3062 Totzenbach<\/p>\n","protected":false},"excerpt":{"rendered":"<p>Du bist: &#8230; zwischen 15 und 65 Jahren alt? &#8230;gerne ein Vorbild &#8230;motiviert neue spannende Themengebiete und Leute kennen zulernen &#8230; hilfsbereit und arbeiten in einer Gruppe z\u00e4hlt zu deinen St\u00e4rken &#8230; engagiert und kannst dir vorstellen deine Freizeit, wann immer es f\u00fcr dich m\u00f6glich ist, f\u00fcr deine Mitmenschen herzugeben? &nbsp; Dann haben wir auch [&hellip;]<\/p>\n","protected":false},"author":1,"featured_media":0,"parent":0,"menu_order":0,"comment_status":"closed","ping_status":"closed","template":"","meta":{"ngg_post_thumbnail":0,"footnotes":""},"class_list":["post-2689","page","type-page","status-publish","hentry"],"_links":{"self":[{"href":"http:\/\/www.ff-totzenbach.at\/_index\/wp-json\/wp\/v2\/pages\/2689","targetHints":{"allow":["GET"]}}],"collection":[{"href":"http:\/\/www.ff-totzenbach.at\/_index\/wp-json\/wp\/v2\/pages"}],"about":[{"href":"http:\/\/www.ff-totzenbach.at\/_index\/wp-json\/wp\/v2\/types\/page"}],"author":[{"embeddable":true,"href":"http:\/\/www.ff-totzenbach.at\/_index\/wp-json\/wp\/v2\/users\/1"}],"replies":[{"embeddable":true,"href":"http:\/\/www.ff-totzenbach.at\/_index\/wp-json\/wp\/v2\/comments?post=2689"}],"version-history":[{"count":14,"href":"http:\/\/www.ff-totzenbach.at\/_index\/wp-json\/wp\/v2\/pages\/2689\/revisions"}],"predecessor-version":[{"id":8842,"href":"http:\/\/www.ff-totzenbach.at\/_index\/wp-json\/wp\/v2\/pages\/2689\/revisions\/8842"}],"wp:attachment":[{"href":"http:\/\/www.ff-totzenbach.at\/_index\/wp-json\/wp\/v2\/media?parent=2689"}],"curies":[{"name":"wp","href":"https:\/\/api.w.org\/{rel}","templated":true}]}}