{"id":5300,"date":"2019-04-17T20:33:55","date_gmt":"2019-04-17T18:33:55","guid":{"rendered":"http:\/\/www.ff-totzenbach.at\/_index\/?page_id=5300"},"modified":"2019-04-17T21:20:25","modified_gmt":"2019-04-17T19:20:25","slug":"cookie-richtlinien","status":"publish","type":"page","link":"http:\/\/www.ff-totzenbach.at\/_index\/impressum\/cookie-richtlinien\/","title":{"rendered":"Cookie-Richtlinien"},"content":{"rendered":"\n<p>Mit dieser Cookie Richtlinie informiert der Website-Betreiber den \nNutzer der Website \u00fcber den Einsatz von Cookies oder \u00e4hnlichen \nSpeichertechnologien (nachfolgend \u201eCookies\u201c) auf dieser Website.<\/p>\n\n\n\n<h2 class=\"wp-block-heading\" id=\"was-sind-cookies\">Was sind Cookies?<\/h2>\n\n\n\n<p>Cookies sind kleine Textdateien, die vom Webbrowser auf dem Endger\u00e4t \ndes Nutzers zur Speicherung von bestimmten Informationen abgelegt \nwerden. Beim n\u00e4chsten Aufruf unserer Website mit demselben Endger\u00e4t \nwerden die in Cookies gespeicherten Informationen an unsere Website \n(\u201eFirst Party Cookie\u201c) oder eine andere Website, zu der das Cookie \ngeh\u00f6rt (\u201eThird Party Cookie\u201c), zur\u00fcckgesandt.<\/p>\n\n\n\n<p>Durch die im Cookie gespeicherten und zur\u00fcckgesandten Informationen \nerkennt die jeweilige Website, dass der Nutzer diese mit dem Webbrowser \nseines Endger\u00e4ts bereits aufgerufen und besucht hat. Diese Informationen\n nutzen wir, um dem Nutzer die Website gem\u00e4\u00df seinen Pr\u00e4ferenzen optimal \nanzeigen zu k\u00f6nnen.<\/p>\n\n\n\n<p>Es wird hierbei aber nur das Cookie selbst auf dem Endger\u00e4t \nidentifiziert. Eine dar\u00fcber hinausgehende Speicherung von \npersonenbezogenen Daten erfolgt nur, wenn der Nutzer uns seine \nausdr\u00fcckliche Zustimmung daf\u00fcr gibt oder wenn diese Speicherung \nunbedingt erforderlich ist, um den angebotenen und aufgerufenen Dienst \nnutzen zu k\u00f6nnen.<\/p>\n\n\n\n<h2 class=\"wp-block-heading\" id=\"zustimmung-zur-verwendung-von-cookies\">Zustimmung zur Verwendung von Cookies<\/h2>\n\n\n\n<p>Cookies, die nicht unbedingt erforderlich sind, um die Dienste auf \ndieser Website zur Verf\u00fcgung zu stellen, werden erst nach der \nEinwilligung verwendet. Indem der Nutzer diese Website nach dem \nEinblenden des Cookie-Banners aktiv weiter nutzt, willigt er in die \nVerwendung von Cookies ein.<\/p>\n\n\n\n<p>Seine Cookie Einstellungen kann der Nutzer jederzeit individuell anpassen, indem er zum Beispiel einzelne Cookie-Kategorien aktiviert oder deaktiviert.<\/p>\n\n\n\n<p>Wie der Nutzer Cookies generell (inklusive der unbedingt \nerforderlichen Cookies) in seinem Browser deaktivieren oder l\u00f6schen \nkann, wird unter dem Punkt &#8222;Deaktivierung oder L\u00f6schung s\u00e4mtlicher \nCookies&#8220; beschrieben.<\/p>\n\n\n\n<h2 class=\"wp-block-heading\" id=\"kategorien-der-verwendeten-cookies\">Kategorien der verwendeten Cookies<\/h2>\n\n\n\n<p>Je nach Verwendungszweck und Funktion unterteilen wir die von der Website verwendeten Cookies in die folgenden Kategorien:<\/p>\n\n\n\n<ul class=\"wp-block-list\"><li>Unbedingt erforderliche Cookies;<\/li><li>Funktionale-Cookies;<\/li><li>Performance-Cookies;<\/li><li>Marketing- \/ Third Party- \/ Zustimmungspflichtige-Cookies<\/li><\/ul>\n\n\n\n<h3 class=\"wp-block-heading\" id=\"unbedingt-erforderliche-cookies\">Unbedingt erforderliche Cookies<\/h3>\n\n\n\n<p>Unbedingt erforderliche Cookies sorgen daf\u00fcr, dass diese Website, \nbeziehungsweise der Dienst, ordnungsgem\u00e4\u00df funktioniert. Das hei\u00dft, ohne \ndiese Cookies ist diese Website, beziehungsweise der Dienst, nicht wie \nvorgesehen nutzbar. Diese Art von Cookies wird ausschlie\u00dflich von dem \nBetreiber der Website verwendet (First Party Cookies) und s\u00e4mtliche \nInformationen, die in den Cookies gespeichert sind, werden nur an diese \nWebsite gesendet.<\/p>\n\n\n\n<p>Auf unserer Webseite kommen folgende unbedingt erforderlichen Cookies zum Einsatz:<\/p>\n\n\n\n<table class=\"wp-block-table\"><thead><tr><th>Name<\/th><th>Zweck<\/th><th>Laufzeit<\/th><\/tr><\/thead><tbody><tr><td>ckies_functional<\/td><td>Opt-out f\u00fcr Functional Cookies<\/td><td>1 Jahr<\/td><\/tr><tr><td>ckies_performance<\/td><td>Opt-out f\u00fcr Performance Cookies<\/td><td>1 Jahr<\/td><\/tr><tr><td>ckies_marketing<\/td><td>Opt-out f\u00fcr Marketing-\/Third Party-\/Zustimmungspflichtige-Cookies<\/td><td>1 Jahr<\/td><\/tr><\/tbody><\/table>\n\n\n\n<p style=\"color:#ffffff\" class=\"has-text-color\">.<\/p>\n\n\n\n<p>Die Nutzung von unbedingt erforderlichen Cookies auf dieser Website  ist ohne die Einwilligung des Nutzers m\u00f6glich. Aus diesem Grund k\u00f6nnen  unbedingt erforderliche Cookies auch nicht einzeln deaktiviert bzw.  aktiviert werden. Diese Funktion steht nur bei einwilligungspflichtigen  Cookies, also den Funktionalen Cookies, den Performance-Cookies und den  Marketing- \/ Third Party- \/ Zustimmungspflichtige-Cookies, zur  Verf\u00fcgung. Der Nutzer hat allerdings jederzeit die M\u00f6glichkeit, Cookies  generell in seinem Browser zu deaktivieren (siehe Punkt &#8222;Deaktivierung  oder L\u00f6schung s\u00e4mtlicher Cookies&#8220;).<\/p>\n\n\n\n<p>Die Rechtsgrundlage f\u00fcr die Nutzung der First Party Cookies ist ein \nberechtigtes Interesse (d. h. Interesse an der Analyse, Optimierung und \ndem wirtschaftlichen Betrieb dieser Website und Leistungen) im Sinne des\n Art. 6 Abs. 1 S. 1 lit. f DSGVO.<\/p>\n\n\n\n<h3 class=\"wp-block-heading\" id=\"funktionale-cookies\">Funktionale Cookies<\/h3>\n\n\n\n<p>Funktionale Cookies erm\u00f6glichen dieser Webseite, get\u00e4tigte Angaben, \nwie z. B. den Benutzernamen oder die Sprachauswahl, zu speichern und dem\n Nutzer darauf basierend verbesserte und personalisierte Funktionen \nanzubieten. Diese Cookies sammeln und speichern ausschlie\u00dflich \nanonymisierte Informationen.<\/p>\n\n\n\n<p>Auf unserer Webseite kommen folgende Funktionale Cookies zum Einsatz:<\/p>\n\n\n\n<table class=\"wp-block-table\"><thead><tr><th>Name<\/th><th>Zweck<\/th><th>Laufzeit<\/th><\/tr><\/thead><tbody><tr><td>cookielaw<\/td><td>Wurde das Cookie Banner angeklickt<\/td><td>1 Jahr<\/td><\/tr><tr><td>shd<\/td><td>Wird gesetzt wenn der Nutzer sich auf seiner Jimdo-Seite anmeldet<\/td><td>1 Jahr<\/td><\/tr><tr><td>has_close_teaser<\/td><td>Zeigt an, ob der User einen Teaser geschlossen hat, damit dieser nicht erneut angezeigt wird<\/td><td>Session<\/td><\/tr><\/tbody><\/table>\n\n\n\n<p style=\"color:#ffffff\" class=\"has-text-color\">.<\/p>\n\n\n\n<p>Der Nutzer kann der Verwendung von Funktionalen Cookies jederzeit widersprechen, indem er seine Cooki Einstellungen entsprechend anpasst.<\/p>\n\n\n\n<p>Die Rechtsgrundlage f\u00fcr die Nutzung der Funktionalen-Cookies ist ein \nberechtigtes Interesse (d. h. Interesse an der Analyse, Optimierung und \ndem wirtschaftlichen Betrieb dieser Website und Leistungen) im Sinne des\n Art. 6 Abs. 1 S. 1 lit. f DSGVO.<\/p>\n\n\n\n<h3 class=\"wp-block-heading\" id=\"performance-cookies\">Performance Cookies<\/h3>\n\n\n\n<p>Performance Cookies sammeln Informationen dar\u00fcber, wie unsere \nWebseiten genutzt werden, um darauf basierend deren Attraktivit\u00e4t, \nInhalt und Funktionalit\u00e4t zu verbessern. Diese Cookies helfen uns \nbeispielsweise festzustellen, ob und welche Unterseiten unserer Webseite\n besucht werden und f\u00fcr welche Inhalte sich die Nutzer besonders \ninteressieren. Wir erfassen die Anzahl der Zugriffe auf eine Seite, die \nAnzahl der aufgerufenen Unterseiten, die auf unserer Webseite verbrachte\n Zeit, die Reihenfolge der besuchten Seiten, welche Suchbegriffe unsere \nNutzer zu uns gef\u00fchrt haben, das Land, die Region und gegebenenfalls die\n Stadt aus der der Zugriff erfolgt, sowie den Anteil von mobilen \nEndger\u00e4ten, die auf unsere Webseiten zugreifen. Die aus technischen \nGr\u00fcnden \u00fcbermittelte IP-Adresse eines Rechners wird automatisch \nanonymisiert und erm\u00f6glicht uns keinen R\u00fcckschluss auf den einzelnen \nNutzer.<\/p>\n\n\n\n<p>Der Nutzer der Website hat auch das Recht, aus Gr\u00fcnden, die sich aus \nseiner besonderen Situation ergeben, bei der Verarbeitung ihn \nbetreffender personenbezogener Daten, die zu statistischen Zwecken gem. \nArt. 89 Abs. 1 DSGVO erfolgt, zu widersprechen. Zur Wahrnehmung dieser \nund anderer Betroffenenrechte, kann sich ein Betroffener jederzeit an \ndie im Impressum beziehungsweise in der Datenschutzerkl\u00e4rung angegebene \nKontaktadresse wenden.<\/p>\n\n\n\n<p>Auf unserer Webseite kommen folgende Performance Cookies zum Einsatz:<\/p>\n\n\n\n<table class=\"wp-block-table\"><thead><tr><th>Name<\/th><th>Zweck<\/th><th>Laufzeit<\/th><\/tr><\/thead><\/table>\n\n\n\n<p>Der Nutzer der Website kann der Verwendung von Performance-Cookies jederzeit widersprechen, indem er seine Cookie Einstellungen entsprechend anpasst.<\/p>\n\n\n\n<p>Die Rechtsgrundlage f\u00fcr die Nutzung der Performance-Cookies ist ein \nberechtigtes Interesse (d. h. Interesse an der Analyse, Optimierung und \ndem wirtschaftlichen Betrieb unserer Webseite und Leistungen) im Sinne \ndes Art. 6 Abs. 1 S. 1 lit. f DSGVO .<\/p>\n\n\n\n<h3 class=\"wp-block-heading\" id=\"marketing-third-party-zustimmungspflichtige-cookies\">Marketing- \/ Third Party- \/ Zustimmungspflichtige-Cookies<\/h3>\n\n\n\n<p>Marketing- \/ Third Party- \/ Zustimmungspflichtige-Cookies stammen \nunter anderem von externen Werbeunternehmen und werden verwendet, um \nInformationen \u00fcber die vom Nutzer besuchten Websites zu sammeln, um z. \nB. zielgruppenorientierte Werbung f\u00fcr den Benutzer zu erstellen.<\/p>\n\n\n\n<p>Auf unserer Webseite kommen folgende Marketing- \/ Third Party- \/ Zustimmungspflichtige-Cookies zum Einsatz:<\/p>\n\n\n\n<table class=\"wp-block-table\"><thead><tr><th>Name<\/th><th>Zweck<\/th><th>Laufzeit<\/th><\/tr><\/thead><\/table>\n\n\n\n<p>Der Nutzer kann der Verwendung von Marketing-Cookies jederzeit widersprechen, indem er seine Cookie Einstellungen entsprechend anpasst.<\/p>\n\n\n\n<p>Aufgrund der oben beschriebenen Verwendungszwecke liegt die \nRechtsgrundlage f\u00fcr die Verarbeitung personenbezogener Daten unter \nVerwendung von Cookies in Art. 6 Abs. 1 lit. f DSGVO. Falls der Nutzer \nauf Grundlage eines von uns auf der Website erteilten Hinweises \n(\u201eCookie-Banner\u201c) eine Einwilligung zur Verwendung von Cookies erteilt \nhat, richtet sich die Rechtm\u00e4\u00dfigkeit der Verwendung zus\u00e4tzlich nach Art.\n 6 Abs. 1 S. 1 lit. a DSGVO.<\/p>\n\n\n\n<h2 class=\"wp-block-heading\" id=\"deaktivierung-oder-l\u00f6schung-s\u00e4mtlicher-cookies\">Deaktivierung oder L\u00f6schung s\u00e4mtlicher Cookies<\/h2>\n\n\n\n<p>Der Nutzer kann seinen Webbrowser so einstellen, dass das Speichern \nvon Cookies auf seinem Endger\u00e4t generell verhindert wird beziehungsweise\n er jedes Mal gefragt wird, ob er mit dem Setzen von Cookies \neinverstanden ist. Einmal gesetzte Cookies kann der Nutzer jederzeit \nwieder l\u00f6schen. Wie das Ganze funktioniert, wird in Hilfe-Funktion des \njeweiligen Webbrowsers beschrieben.<\/p>\n\n\n\n<p>Eine generelle Deaktivierung von Cookies kann gegebenenfalls zu Funktionseinschr\u00e4nkungen dieser Website f\u00fchren.<\/p>\n","protected":false},"excerpt":{"rendered":"<p>Mit dieser Cookie Richtlinie informiert der Website-Betreiber den Nutzer der Website \u00fcber den Einsatz von Cookies oder \u00e4hnlichen Speichertechnologien (nachfolgend \u201eCookies\u201c) auf dieser Website. Was sind Cookies? Cookies sind kleine Textdateien, die vom Webbrowser auf dem Endger\u00e4t des Nutzers zur Speicherung von bestimmten Informationen abgelegt werden. Beim n\u00e4chsten Aufruf unserer Website mit demselben Endger\u00e4t werden [&hellip;]<\/p>\n","protected":false},"author":1,"featured_media":0,"parent":41,"menu_order":0,"comment_status":"closed","ping_status":"closed","template":"","meta":{"ngg_post_thumbnail":0,"footnotes":""},"class_list":["post-5300","page","type-page","status-publish","hentry"],"_links":{"self":[{"href":"http:\/\/www.ff-totzenbach.at\/_index\/wp-json\/wp\/v2\/pages\/5300","targetHints":{"allow":["GET"]}}],"collection":[{"href":"http:\/\/www.ff-totzenbach.at\/_index\/wp-json\/wp\/v2\/pages"}],"about":[{"href":"http:\/\/www.ff-totzenbach.at\/_index\/wp-json\/wp\/v2\/types\/page"}],"author":[{"embeddable":true,"href":"http:\/\/www.ff-totzenbach.at\/_index\/wp-json\/wp\/v2\/users\/1"}],"replies":[{"embeddable":true,"href":"http:\/\/www.ff-totzenbach.at\/_index\/wp-json\/wp\/v2\/comments?post=5300"}],"version-history":[{"count":4,"href":"http:\/\/www.ff-totzenbach.at\/_index\/wp-json\/wp\/v2\/pages\/5300\/revisions"}],"predecessor-version":[{"id":5304,"href":"http:\/\/www.ff-totzenbach.at\/_index\/wp-json\/wp\/v2\/pages\/5300\/revisions\/5304"}],"up":[{"embeddable":true,"href":"http:\/\/www.ff-totzenbach.at\/_index\/wp-json\/wp\/v2\/pages\/41"}],"wp:attachment":[{"href":"http:\/\/www.ff-totzenbach.at\/_index\/wp-json\/wp\/v2\/media?parent=5300"}],"curies":[{"name":"wp","href":"https:\/\/api.w.org\/{rel}","templated":true}]}}